
In base 7, what is 425546 - -251?
426130
In base 7, what is 4303310 - 22?
4303255
In base 5, what is 1444313 + -11233?
1433030
In base 4, what is 220313302 - -10?
220313312
In base 10, what is -93 + 762524?
762431
In base 15, what is -362 - 10778a?
-107aec
In base 13, what is 5b97 + b270?
14137
In base 16, what is -8c + 1b30?
1aa4
In base 2, what is 1011101000000111001001101 + 100?
1011101000000111001010001
In base 12, what is 58205a90 - 3?
58205a89
In base 10, what is -335 + -451?
-786
In base 4, what is -10020111220 + 3103?
-10020102111
In base 4, what is 13 - 3103310202?
-3103310123
In base 16, what is a95ae9b - -4?
a95ae9f
In base 8, what is 1 + -175755230?
-175755227
In base 15, what is 1 + 7c5e420?
7c5e421
In base 6, what is 10154520 - 3123?
10151353
In base 11, what is -42878 - 93?
-42960
In base 2, what is -1001 + -101111000001111011110?
-101111000001111100111
In base 4, what is 1210321330011001 + 2?
1210321330011003
In base 6, what is 114250241 + 123?
114250404
In base 16, what is -16ee - d13?
-2401
In base 15, what is -e496562 - 3?
-e496565
In base 9, what is 22058822 - -4?
22058826
In base 5, what is 20303434143 - 0?
20303434143
In base 15, what is 4a0536 - -2?
4a0538
In base 14, what is 642022 + -2?
642020
In base 15, what is -31c - 535ae?
-538cb
In base 3, what is 12121012210012 - 200?
12121012202112
In base 4, what is -310 + -2010213033?
-2010220003
In base 11, what is -2 - -361725a?
3617258
In base 9, what is 2 - 42087256?
-42087254
In base 3, what is 21001120120112 - -111?
21001120121000
In base 9, what is -6 + 44255281?
44255274
In base 16, what is -bc - -5433?
5377
In base 5, what is -2134 + 103333?
101144
In base 13, what is 8098 - 11c?
7c79
In base 15, what is 13d01dc5 - 0?
13d01dc5
In base 15, what is 1d + -c4deab?
-c4de8d
In base 10, what is -520355 - -1?
-520354
In base 6, what is 24 + -414523131?
-414523103
In base 4, what is -31232 + 2112003?
2020111
In base 11, what is -17 + 278339?
278322
In base 14, what is -18a + 79869?
796bd
In base 3, what is 22102021 - -110022111?
202201202
In base 9, what is -12508 - -4033?
-7465
In base 8, what is 5520 + -12546?
-5026
In base 7, what is -1336 + 10226?
5560
In base 14, what is 285 - -77151?
773d6
In base 4, what is -212303132102 - -1?
-212303132101
In base 7, what is 4 - 336234621?
-336234614
In base 5, what is 1 - 11412112300?
-11412112244
In base 10, what is 22 + -7376742?
-7376720
In base 12, what is -45528b0 - -3?
-45528a9
In base 11, what is 37 - 82374?
-82338
In base 11, what is 739 - 19865?
-19127
In base 3, what is 121000020110 - 220?
121000012120
In base 15, what is 9b6b - 3678?
64e3
In base 2, what is -101011001110100010010 + 1000?
-101011001110100001010
In base 16, what is -34 - 15c8c?
-15cc0
In base 14, what is 1b15964 + -5?
1b1595d
In base 11, what is -10120434 - a?
-10120443
In base 7, what is -61 - -5430634?
5430543
In base 3, what is -100 + 1022102121210112?
1022102121210012
In base 11, what is -36a39a - -268?
-36a132
In base 15, what is 77b47c + -5?
77b477
In base 3, what is -222101011211022 - 0?
-222101011211022
In base 5, what is -13303001442 - -4?
-13303001433
In base 16, what is -11758 - -118?
-11640
In base 11, what is -5 + -691a673?
-691a678
In base 2, what is 10000011001001000010100 + 11?
10000011001001000010111
In base 6, what is -5 + 2103115135?
2103115130
In base 7, what is -115 + 16506013?
16505565
In base 13, what is 278 + 49878?
49b23
In base 8, what is 457614317 + 11?
457614330
In base 10, what is 230036 + -1607?
228429
In base 7, what is 5 - 6353262?
-6353254
In base 6, what is 111 - -20414252?
20414403
In base 10, what is -331 + -69876?
-70207
In base 7, what is -10 - 22130513?
-22130523
In base 10, what is 3544 + -39966?
-36422
In base 13, what is 2c - -10c210c?
10c213b
In base 13, what is 6 - 3184ac8?
-3184ac2
In base 12, what is -1174202 + -23?
-1174225
In base 11, what is 944820a + 1?
9448210
In base 10, what is -132220305 + -1?
-132220306
In base 14, what is -10317a - -db?
-10307d
In base 13, what is -2 + 769783?
769781
In base 16, what is d830bf - -4?
d830c3
In base 15, what is -1372 + 1e78?
b06
In base 4, what is 2 - -33303201230?
33303201232
In base 4, what is -13203 + -11331301?
-12011110
In base 11, what is 452a94 + 13?
452aa7
In base 15, what is e71b28 - 1?
e71b27
In base 15, what is 143a + -1e607?
-1d1bc
In base 10, what is 15 + 665531?
665546
In base 4, what is -211321321 + -13?
-211322000
In base 15, what is 29546 - c0a?
2883b
In base 2, what is -111010111011011101 + -11001110?
-111010111110101011
In base 6, what is -325024454 + -10?
-325024504
In base 11, what is -10 + -131a547?
-131a557
In base 5, what is -111224314 - 2313?
-111232132
In base 9, what is 4 - 245002?
-244887
In base 13, what is 315419b + 9?
31541a7
In base 4, what is 11 + 13022032011011?
13022032011022
In base 6, what is -10530 + 22?
-10504
In base 4, what is -3102120030313 - -10?
-3102120030303
In base 15, what is -4b2d - 96?
-4bc4
In base 11, what is -1157 + -28068?
-29214
In base 11, what is 5 - 53222977?
-53222972
In base 5, what is -401144 - -323200?
-22444
In base 15, what is -2 - -618e296?
618e294
In base 16, what is 2a6642a - -2?
2a6642c
In base 11, what is -59869600 - -1?
-598695aa
In base 16, what is 146812a - 3?
1468127
In base 12, what is 376a0 + -595?
37107
In base 6, what is 300 + 4015255?
4015555
In base 8, what is 2 - -33174471?
33174473
In base 12, what is 14327 + -31?
142b6
In base 5, what is -1040044113424 - 2?
-1040044113431
In base 15, what is -295dd7 + -81?
-295e68
In base 12, what is -932b - -2779?
-6772
In base 7, what is 1533 - 15011?
-13145
In base 15, what is -37d4 - e?
-37e3
In base 4, what is -1231110200 - 1331?
-1231112131
In base 9, what is -4 - -4138753?
4138748
In base 15, what is 4a - -10493?
104dd
In base 6, what is 414 - -5031021?
5031435
In base 8, what is -11411223 + -1?
-11411224
In base 9, what is 3 - 56685745?
-56685742
In base 8, what is 30720 - -73?
31013
In base 7, what is 1132 + -40433?
-36301
In base 3, what is 102000011210 - -1?
102000011211
In base 4, what is -11 - -101201013322?
101201013311
In base 15, what is -b1 + 55d71?
55cb0
In base 11, what is -72 - 49a43?
-4a005
In base 7, what is 54544 + 33435?
121312
In base 14, what is 13 - 346775?
-346762
In base 12, what is a29082b7 - -3?
a29082ba
In base 8, what is -567146521 + 2?
-567146517
In base 7, what is 16560 + -11555?
5002
In base 12, what is 11 + -6ba080?
-6ba06b
In base 9, what is -10 + -6323213?
-6323223
In base 5, what is -1213 - -22123200?
22121432
In base 3, what is 111211 - -2001011000?
2001122211
In base 11, what is 291a7342 - 5?
291a7338
In base 2, what is -1010000101101 - 10010010000001000?
-10011100000110101
In base 2, what is 110011100110 - 100101000111?
1110011111
In base 6, what is -2011040 - -31?
-2011005
In base 9, what is 542 - -3846?
4488
In base 8, what is -716 + 1146606?
1145670
In base 6, what is -1025 - 221514?
-222543
In base 14, what is c61 - -7c?
cdd
In base 10, what is 4401 + 4647?
9048
In base 12, what is -b + 179a2b9?
179a2aa
In base 14, what is -3c - 8b5d3c?
-8b5d7a
In base 3, what is 1102010221 + 12100?
1102100021
In base 4, what is -102202112 - -10330211?
-31211301
In base 7, what is -3154434 - -6210?
-3145224
In base 5, what is -11040044203 + -21?
-11040044224
In base 9, what is -80 + 258068?
257878
In base 8, what is 440 + -15345?
-14705
In base 15, what is -167e1 - 103?
-168e4
In base 5, what is 22100031433 - -2?
22100031440
In base 6, what is 1454 - -131203?
133101
In base 16, what is b6a + 8d?
bf7
In base 12, what is 710b03 - -213?
711116
In base 13, what is 3c2 + -16ab?
-12b9
In base 5, what is -210 + -12034011?
-12034221
In base 10, what is -77109314 + 1?
-77109313
In base 6, what is 144504043 + -2?
144504041
In base 4, what is 2111032 - 2000322?
110110
In base 8, what is 5 - 357476161?
-357476154
In base 3, what is -12001122 - 1212201002?
-2001202201
In base 5, what is -210003211320 - 3?
-210003211323
In base 11, what is a357 + -41158?
-31901
In base 10, what is -63 - -10176?
10113
In base 6, what is 0 - -115524324?
115524324
In base 9, what is -55251367 + 4?
-55251363
In base 4, what is -302130320 + -10?
-302130330
In base 3, what is 2220211202 + -1220211?
2211220221
In base 16, what is -719f - -3?
-719c
In base 14, w